 2*x - 3*x + x. Give d(u).
-6
Let w(v) be the second derivative of 3*v**4/4 - v**3/6 - 5*v. Determine w(1).
8
Suppose -25 = -5*n + 3*g - 0, -2*n + 10 = -4*g. Let q(d) = -3*d + 6*d**2 + d**3 + 1 - 2*d**3 + 3*d - 3*d. Determine q(n).
11
Let c(z) = z**2 - 5*z + 1. Let k be ((-9)/(-6))/((-8)/(-16)). Let y(f) be the second derivative of -f**4/12 + f**3/2 + 2*f**2 + f. Let r be y(k). What is c(r)?
-3
Let y(z) be the first derivative of -1/6*z**4 + 1/20*z**5 + 0*z**2 - 1/3*z**3 + 1 - 2*z. Let x(b) be the first derivative of y(b). Calculate x(3).
3
Let p(i) = -i**3 - 6*i**2 - 3*i - 7. Let c(j) = -j**3 - 6*j**2 + 2*j + 6. Let d be c(-6). Determine p(d).
11
Let q be 0*(15/6 + -2). Let h(a) = -a**3 - a**2 - a + 4. Give h(q).
4
Let c(t) = t + 10. Suppose -4*s = s - 25. Let g = s - 1. Let z be (15/g)/3*-4. Give c(z).
5
Let n be (1/(-4))/(1/(-28)). Let x(m) = m - 4 + n - 3. Give x(1).
1
Suppose -4*y + 2 + 6 = 0. Let s(h) = -4*h**2 + 3*h - 3. Give s(y).
-13
Let o be (-16)/(-6) - (-2)/(-3). Let i(r) = 11*r - 18*r + 3*r**o - 4*r**2 - 9. Suppose -3*d - 30 = 2*d. Give i(d).
-3
Let g(z) be the first derivative of -z**3/3 - 5*z**2/2 - 4*z + 15. What is g(-4)?
0
Let w(v) = 9*v**2. Let f(z) = 3 - 2*z + 3*z - 5. Let x be f(3). What is w(x)?
9
Let b be (-1 + -1)*5/(-2). Let y(a) = b*a - 2 - 2*a**2 + 0*a**2 + a**2. Suppose 2*p + 11 = 5*c, -15 = -3*c - 3*p - 0*p. Give y(c).
4
Suppose 5*n = 4*n - 2. Let k be (n - (-4 - -1)) + -1. Let o = k + -2. Let c(r) = -2*r**3 - r**2 + 3*r + 1. What is c(o)?
7
Let i(s) = 1. Let d(r) = 2*r - 3. Suppose -2*h - 3*c = 4 - 5, 3*h = -3*c + 6. Let x(v) = h*i(v) - d(v). Give x(6).
-4
Let r(h) = 5*h**2 + h + 13. Let f(i) = -9*i**2 - i - 25. Let p(m) = 6*f(m) + 11*r(m). Give p(-6).
-1
Let x(i) = i**3 + i**2 + 1. Let j(q) be the second derivative of 3*q**5/20 + q**4/2 + 2*q**2 + q. Let l(d) = -j(d) + 4*x(d). What is l(1)?
-1
Suppose -5*g = -2*g. Let h(c) = -c**2 + 5. What is h(g)?
5
Let t(x) = -x**2 + 3*x - 4. Let o = 162 - 159. Determine t(o).
-4
Let n(z) be the second derivative of -z**4/12 + z**3/2 - 3*z**2/2 + 5*z. Let q(d) = 4*d**2 + d. Let b be q(-1). Determine n(b).
-3
Let n(o) = 3*o**2. Let j(r) = 4*r**2 - r. Let a(b) = -2*j(b) + 3*n(b). Determine a(-3).
3
Let k(y) = -5*y. Let b = -1 + 1. Suppose -4*p + b = -16. Suppose -p*l - 7 = -11. What is k(l)?
-5
Suppose 2*u + 3*u - 1 = 4*a, -a + 1 = 0. Suppose 5*d = 9 + u. Suppose -3 = d*r + 3. Let i(q) = q**3 + 2*q**2 - 3*q + 2. Give i(r).
2
Let k(m) = -m**3 - 6*m**2 - 6*m - 4. Let t(u) = u**3 - u**2 - u + 1. Let z be t(1). Let x be (-1)/((-4)/(-16)) - z. Give k(x).
-12
Let w be -2 - ((3 - 11) + 2). Let i(m) = -2 - w*m + m + 2*m - m. Give i(3).
-8
Let r(s) = 2*s**3 - 2*s**2 + 3*s - 1. Let x be r(1). Let z be x/(-3) - (-34)/6. Let w(t) = -t + 3. Give w(z).
-2
Let y = -63 - -72. Let l(f) = -f + 8. What is l(y)?
-1
Let m(v) = -v**3 - 6*v**2 - v - 3. Suppose 5 = -h - 1. Determine m(h).
3
Suppose 2*g + 32 = -2*y, -g = 3*y + 3*g + 52. Let k = y + 8. Let s(u) = u**3 + 2*u**2 - 6*u - 2. Determine s(k).
-10
Let m(r) = -10*r + 2. Let s(y) = -29*y + 5. Let b(f) = 8*m(f) - 3*s(f). Let n(d) = -d**2 + d - 4. Let l be n(0). Let i = l + 3. Determine b(i).
-6
Suppose -6 = 5*u - 8*u. Let l be (-1 - u/(-2))*1. Let j(w) = -2 + w**2 + l + 0. Determine j(3).
7
Let n(q) be the first derivative of q**3/3 - 7*q**2/2 + 7*q - 2. Let g = 10 - 22. Let r = g + 17. Give n(r).
-3
Let g(b) be the first derivative of 2*b + 2 - 1/2*b**2. Calculate g(5).
-3
Let l = -29 - -31. Let n(o) = o**3 - 3*o**2 + 3*o - 1. What is n(l)?
1
Let o(m) = -m**3 + 2*m**2 + 2*m - 1. Let z = -1 + 4. What is o(z)?
-4
Let y = 0 - 0. Let w(c) = 5*c + 2. Let a(j) = -11*j - 4. Let o(v) = 6*a(v) + 13*w(v). Determine o(y).
2
Let u(i) = i**2 + 6*i + 2. Let z = 5 + -9. Let w be u(z). Let y(m) = m**2 + 8*m + 7. Calculate y(w).
-5
Let r(v) = -v**2 + v. Suppose 2*u + 2 = 3*u. Calculate r(u).
-2
Let b = 11 - 8. Let q(j) = -7*j**2 + 4*j - 5. Let t(d) = 3*d**2 - 2*d + 2. Let p(x) = x**2 - 7*x - 13. Let u be p(9). Let i(m) = u*t(m) + 2*q(m). Give i(b).
3
Let h(l) = l**2 + l + 1. Suppose -4*g - 2*v - 28 = 0, -3*g - 3*v - 44 = -17. Let q = g + 7. Determine h(q).
7
Let p(y) = -2*y**3 + 3*y**2 - 1. Let x(j) = -13*j. Let w(l) = 7*l. Let h(t) = -11*w(t) - 6*x(t). Let f be -3*2/3 - -4. Let z be h(f). Determine p(z).
-5
Let q(u) = -u + 8. Let o(a) = -10*a + 70. Let b(m) = 4*o(m) - 35*q(m). Calculate b(2).
-10
Let w(i) = 2*i**2 - 6*i + 1. Let a(u) = -u**2 + u - 1. Let h(x) = -a(x) - w(x). What is h(4)?
4
Let q(o) = -3*o**2 - 28*o**3 + 29*o**3 - o**2 + o - 1. What is q(3)?
-7
Let k(u) = u - 1. Let d(y) = -6*y + 3. Let i(w) = d(w) + 5*k(w). Let m be i(-4). Let v(b) = b + 4. Let c(x) = x + 5. Let o(l) = -6*c(l) + 7*v(l). Give o(m).
0
Let g(b) = 6*b + 6. Let f(y) = -5*y - 7. Let a(x) = -7*f(x) - 6*g(x). Let r be 16/6 - (-8)/(-12). Let t be r/4*(3 + -3). What is a(t)?
13
Let c(o) = 12*o + 2. Let r(t) = -6*t - 1. Let h(d) = 2*c(d) + 5*r(d). Let m be ((-18)/3)/(0 + -1). Suppose -2*u - 11 = 3*j, -j + m*u = 2*u - 15. Calculate h(j).
5
Let b = 21 + -15. Let x = -3 + b. Let y be x/5 + (-4)/(-10). Let k(h) = 4*h**3 - h**2 - h + 1. What is k(y)?
3
Let p be (1 - (0 + 1))/(-2). Suppose p = -r + 4 - 2. Let b(z) = -1 + r + 0 - z**2. Give b(0).
1
Suppose -5*i + 3 = -6*i. Let d(p) be the second derivative of p**3/2 + p**2 + 2*p. Calculate d(i).
-7
Let k(i) be the first derivative of -i**4/4 - 2*i**3 + 7*i + 1. Suppose 0 = 3*f - 4*f - 6. Calculate k(f).
7
Let x = -1 - -3. Let h(l) be the second derivative of -l**5/20 + l**4/12 + l**3/3 - 3*l**2/2 + 11*l. Determine h(x).
-3
Let g(x) = -x + 4. Let z = 23 - 17. Determine g(z).
-2
Let f(r) = -r + 1. Suppose -2*y + q - 5 = -3*y, -4*q + 25 = 5*y. Suppose -5*i - y = 10. What is f(i)?
4
Let t(v) = v**2 - 3*v - 3. Let l(u) = -u - 2. Let h be l(0). Let d be (h/(-2))/(1/5). Let g = 0 + d. Calculate t(g).
7
Let i(o) = 5*o**2 - 3 + 1 + 3 - o**2. Let p(l) be the second derivative of l**4/12 + l. Let t(d) = i(d) - 3*p(d). What is t(-2)?
5
Let a be 1/(-5)*(-25)/20. Let x(q) be the first derivative of a*q**4 + 0*q**2 - 1/3*q**3 - 7*q + 2. Calculate x(0).
-7
Let b(c) = -c**2 - c + 7. Let u(i) = i**2 - 7. Let o(n) = 7*b(n) + 6*u(n). Give o(-8).
-1
Let x(a) = a**3 - 5*a**2 + 3*a + 3. Let t be 0/1*1/2. Suppose -s + 0*s + 2 = t. Suppose -3*z = s*z - 15. Determine x(z).
-6
Suppose -4*z = 3*n + 21, -5*z + 2*n = 13 - 4. Let p(o) = o + 2. What is p(z)?
-1
Let t be (-3)/(-6) - 1/(-2). Let w be 3 + 1 + (-1 - t). Let g(c) = -c**2 + 3*c - 1. Give g(w).
1
Let p(i) be the first derivative of -5*i**4/4 + i + 14. Give p(1).
-4
Let z(h) = -h - 4. Let a be z(-8). Suppose a*r = 6*r - 10. Let j(y) = -y**2 + 5*y - 5. Determine j(r).
-5
Let w = 15 - 5. Let u be (w - 13)/(1 + 0). Let v(m) = m**2 + 4*m + 3. Give v(u).
0
Suppose 11 = 3*l - 10. Suppose 2 = 3*p - l. Suppose -p*j + 10 = -2. Let x(q) = q**3 - 4*q**2 + 2*q - 6. What is x(j)?
2
Suppose -2*m + 1 - 7 = 2*w, m - 1 = 0. Let b(x) be the first derivative of -x**3/3 - 3*x**2 - x - 1. Determine b(w).
7
Let a(p) be the second derivative of p**5/20 + 5*p**4/12 - 4*p**3/3 - 4*p**2 + 2*p. Let n be a(-6). Let o(x) = -x**2 + 3*x + 2. Calculate o(n).
-2
Let s(v) be the second derivative of -v**5/60 + v**3/3 + v**2 - 2*v. Let l(u) be the first derivative of s(u). What is l(2)?
-2
Let u(f) = 1 - f + f + 1 + 2*f. Suppose 15 = -2*g - g. Give u(g).
-8
Let l = 0 - -2. Suppose 3*t = 5*t - 6, 4*f + l*t = -18. Let j(o) = o**2 + 8*o + 2. Determine j(f).
-10
Let o(b) = 3*b**3 + 9*b**2 - 4*b + 20. Let z(y) = -2*y**3 - 4*y**2 + 2*y - 10. Let x(n) = -3*o(n) - 5*z(n). Calculate x(7).
4
Suppose -4*v = -3*v + a - 4, 3*a - 11 = -4*v. Let b be 5 + 2 - (-2 - v). Let o(i) = 0*i + b*i**3 - 4*i**2 + 2*i**2 - i. Determine o(-1).
-9
Suppose -10 = -2*q + 4*d, 4*d = q - 0*d - 13. Let v(a) = -a**2 + 0*a - 4 - 3*a - 4*a. Determine v(q).
8
Let n(d) = d**2 + 3*d + 6. Let s be 3 + -6 - 14/2. Let v = s + 6. Determine n(v).
10
Let m(r) be the first derivative of 3*r**2/2 - r + 2. Calculate m(-3).
-10
Let k be 2*(4 + -1 + -4). Let z(g) = -2*g**3 - 2*g**2 + 3*g + 2. Calculate z(k).
4
Let y(g) = -4*g**2 - g. Let n(f) = f**2 + 5*f + 5. Let j be n(-4). Calculate y(j).
-5
Let f = -5 - -7. Let z(w) = 7*w + 2*w**2 + 0*w**2 - 1 - 9*w. Give z(f).
3
Let p(u) = -2*u - 3. Let s be p